{"id":1395,"date":"2018-01-19T00:46:37","date_gmt":"2018-01-18T23:46:37","guid":{"rendered":"http:\/\/storm-flag.com\/wpst0rmfl4g\/?post_type=product&#038;p=1395"},"modified":"2024-03-28T20:21:02","modified_gmt":"2024-03-28T19:21:02","slug":"roll-up","status":"publish","type":"product","link":"https:\/\/storm-flag.com\/wpst0rmfl4g\/product\/roll-up\/","title":{"rendered":"Rollup"},"content":{"rendered":"<p>Rollup display \u00e8 composto da una struttura in alluminio con molla interna che consente di arrotolare in modo automatico il banner.<br \/>\nAsta posteriore, per mantenere in tensione la stampa, in tre pezzi con elastico interno.<br \/>\nEstrema facilit\u00e0 e velocit\u00e0 di utilizzo, il roll up banner \u00e8 la soluzione ideale per punti vendita, conference hall ed eventi.<\/p>\n<p>Basi in alluminio:<br \/>\n&#8211; STANDARD: Classica base a sezione quadrata completamente realizata in alluminio con doppio piedino pieghevole, borsa per il trasporto in tela inclusa<br \/>\n&#8211; ELEGANCE: Desing curvilineo della base e dimensione maggiorata per una stabilit\u00e0 ottimale, doppio piedino a vite regolabile in altezza, tappi laterali cromati, borsa per il trasporto rinforzata ed imbottita.<\/p>\n<p>Banner:<br \/>\n&#8211; PVC da 510 g\/m2<br \/>\n&#8211; Vinile HD Stoplight (block out) con retro grigio 170 g\/m2<\/p>\n<p>Dimensioni:<br \/>\n&#8211; 85&#215;200 cm<br \/>\n&#8211; 100&#215;200 cm<br \/>\n&#8211; 120&#215;200 cm<\/p>\n<p><!--themify_builder_static--><!--\/themify_builder_static--><\/p>\n","protected":false},"excerpt":{"rendered":"<p>Rollup display \u00e8 composto da una struttura in alluminio con molla interna che consente di arrotolare in modo automatico il banner.<br \/>\nAsta posteriore, per mantenere in tensione la stampa, in tre pezzi con elastico interno.<br \/>\nEstrema facilit\u00e0 e velocit\u00e0 di utilizzo, il roll up banner \u00e8 la soluzione ideale per punti vendita, conference hall ed eventi.<\/p>\n","protected":false},"featured_media":1870,"comment_status":"closed","ping_status":"closed","template":"","meta":[],"product_cat":[48],"product_tag":[],"class_list":{"0":"post-1395","1":"product","2":"type-product","3":"status-publish","4":"has-post-thumbnail","6":"product_cat-rollup","7":"has-post-title","8":"has-post-date","9":"has-post-category","10":"has-post-tag","11":"has-post-comment","12":"has-post-author","13":"","15":"first","16":"instock","17":"shipping-taxable","18":"product-type-simple"},"aioseo_notices":[],"builder_content":"","_links":{"self":[{"href":"https:\/\/storm-flag.com\/wpst0rmfl4g\/wp-json\/wp\/v2\/product\/1395","targetHints":{"allow":["GET"]}}],"collection":[{"href":"https:\/\/storm-flag.com\/wpst0rmfl4g\/wp-json\/wp\/v2\/product"}],"about":[{"href":"https:\/\/storm-flag.com\/wpst0rmfl4g\/wp-json\/wp\/v2\/types\/product"}],"replies":[{"embeddable":true,"href":"https:\/\/storm-flag.com\/wpst0rmfl4g\/wp-json\/wp\/v2\/comments?post=1395"}],"wp:featuredmedia":[{"embeddable":true,"href":"https:\/\/storm-flag.com\/wpst0rmfl4g\/wp-json\/wp\/v2\/media\/1870"}],"wp:attachment":[{"href":"https:\/\/storm-flag.com\/wpst0rmfl4g\/wp-json\/wp\/v2\/media?parent=1395"}],"wp:term":[{"taxonomy":"product_cat","embeddable":true,"href":"https:\/\/storm-flag.com\/wpst0rmfl4g\/wp-json\/wp\/v2\/product_cat?post=1395"},{"taxonomy":"product_tag","embeddable":true,"href":"https:\/\/storm-flag.com\/wpst0rmfl4g\/wp-json\/wp\/v2\/product_tag?post=1395"}],"curies":[{"name":"wp","href":"https:\/\/api.w.org\/{rel}","templated":true}]}}